[INFO] fetching crate finchers-http 0.11.0...
[INFO] checking finchers-http-0.11.0 against master#cfbc6d4cf1acbac5c025acf8ed68929caa551df3 for pr-75494-beta
[INFO] extracting crate finchers-http 0.11.0 into /workspace/builds/worker-1/source
[INFO] validating manifest of crates.io crate finchers-http 0.11.0 on toolchain cfbc6d4cf1acbac5c025acf8ed68929caa551df3
[INFO] running `Command { std: "/workspace/cargo-home/bin/cargo" "+cfbc6d4cf1acbac5c025acf8ed68929caa551df3" "read-manifest" "--manifest-path" "Cargo.toml", kill_on_drop: false }`
[INFO] started tweaking crates.io crate finchers-http 0.11.0
[INFO] finished tweaking crates.io crate finchers-http 0.11.0
[INFO] tweaked toml for crates.io crate finchers-http 0.11.0 written to /workspace/builds/worker-1/source/Cargo.toml
[INFO] running `Command { std: "/workspace/cargo-home/bin/cargo" "+cfbc6d4cf1acbac5c025acf8ed68929caa551df3" "generate-lockfile" "--manifest-path" "Cargo.toml" "-Zno-index-update", kill_on_drop: false }`
[INFO] running `Command { std: "/workspace/cargo-home/bin/cargo" "+cfbc6d4cf1acbac5c025acf8ed68929caa551df3" "fetch" "--locked" "--manifest-path" "Cargo.toml", kill_on_drop: false }`
[INFO] [stderr]  Downloading crates ...
[INFO] [stderr]   Downloaded finchers-test v0.11.0
[INFO] [stderr]   Downloaded finchers-ext v0.11.0
[INFO] running `Command { std: "docker" "create" "-v" "/var/lib/crater-agent-workspace/builds/worker-1/target:/opt/rustwide/target:rw,Z" "-v" "/var/lib/crater-agent-workspace/builds/worker-1/source:/opt/rustwide/workdir:ro,Z" "-v" "/var/lib/crater-agent-workspace/cargo-home:/opt/rustwide/cargo-home:ro,Z" "-v" "/var/lib/crater-agent-workspace/rustup-home:/opt/rustwide/rustup-home:ro,Z" "-e" "SOURCE_DIR=/opt/rustwide/workdir" "-e" "CARGO_TARGET_DIR=/opt/rustwide/target" "-e" "CARGO_HOME=/opt/rustwide/cargo-home" "-e" "RUSTUP_HOME=/opt/rustwide/rustup-home" "-w" "/opt/rustwide/workdir" "-m" "1610612736" "--user" "0:0" "--network" "none" "rustops/crates-build-env@sha256:a636fd89d022f18117e1dc8fb37a0a009933cdbbe082814857f0e2024962d47c" "/opt/rustwide/cargo-home/bin/cargo" "+cfbc6d4cf1acbac5c025acf8ed68929caa551df3" "metadata" "--no-deps" "--format-version=1", kill_on_drop: false }`
[INFO] [stdout] 21466cea9e1163a5892d2500225cb2b3dff3e7077a1ff7b27b26c6be2dec7ed0
[INFO] [stderr] WARNING: Your kernel does not support swap limit capabilities or the cgroup is not mounted. Memory limited without swap.
[INFO] running `Command { std: "docker" "start" "-a" "21466cea9e1163a5892d2500225cb2b3dff3e7077a1ff7b27b26c6be2dec7ed0", kill_on_drop: false }`
[INFO] running `Command { std: "docker" "inspect" "21466cea9e1163a5892d2500225cb2b3dff3e7077a1ff7b27b26c6be2dec7ed0", kill_on_drop: false }`
[INFO] running `Command { std: "docker" "rm" "-f" "21466cea9e1163a5892d2500225cb2b3dff3e7077a1ff7b27b26c6be2dec7ed0", kill_on_drop: false }`
[INFO] [stdout] 21466cea9e1163a5892d2500225cb2b3dff3e7077a1ff7b27b26c6be2dec7ed0
[INFO] running `Command { std: "docker" "create" "-v" "/var/lib/crater-agent-workspace/builds/worker-1/target:/opt/rustwide/target:rw,Z" "-v" "/var/lib/crater-agent-workspace/builds/worker-1/source:/opt/rustwide/workdir:ro,Z" "-v" "/var/lib/crater-agent-workspace/cargo-home:/opt/rustwide/cargo-home:ro,Z" "-v" "/var/lib/crater-agent-workspace/rustup-home:/opt/rustwide/rustup-home:ro,Z" "-e" "SOURCE_DIR=/opt/rustwide/workdir" "-e" "CARGO_TARGET_DIR=/opt/rustwide/target" "-e" "CARGO_INCREMENTAL=0" "-e" "RUST_BACKTRACE=full" "-e" "RUSTFLAGS=--cap-lints=forbid" "-e" "CARGO_HOME=/opt/rustwide/cargo-home" "-e" "RUSTUP_HOME=/opt/rustwide/rustup-home" "-w" "/opt/rustwide/workdir" "-m" "1610612736" "--user" "0:0" "--network" "none" "rustops/crates-build-env@sha256:a636fd89d022f18117e1dc8fb37a0a009933cdbbe082814857f0e2024962d47c" "/opt/rustwide/cargo-home/bin/cargo" "+cfbc6d4cf1acbac5c025acf8ed68929caa551df3" "check" "--frozen" "--all" "--all-targets" "--message-format=json", kill_on_drop: false }`
[INFO] [stdout] 03b852ff67400166b72606fef4590a0f99220c7c38b9a37000f4c6d6ebf52285
[INFO] [stderr] WARNING: Your kernel does not support swap limit capabilities or the cgroup is not mounted. Memory limited without swap.
[INFO] running `Command { std: "docker" "start" "-a" "03b852ff67400166b72606fef4590a0f99220c7c38b9a37000f4c6d6ebf52285", kill_on_drop: false }`
[INFO] [stderr]     Checking data-encoding v2.3.0
[INFO] [stderr]    Compiling error-chain v0.12.4
[INFO] [stderr]    Compiling serde_derive v1.0.115
[INFO] [stderr]     Checking hyper v0.11.27
[INFO] [stderr]     Checking finchers-core v0.11.0
[INFO] [stderr]     Checking finchers-ext v0.11.0
[INFO] [stderr]     Checking finchers-test v0.11.0
[INFO] [stderr]     Checking serde v1.0.115
[INFO] [stderr]     Checking serde_qs v0.4.6
[INFO] [stderr]     Checking serde_json v1.0.57
[INFO] [stderr]     Checking finchers-http v0.11.0 (/opt/rustwide/workdir)
[INFO] [stdout] error: trait objects without an explicit `dyn` are deprecated
[INFO] [stdout]    --> src/header.rs:123:34
[INFO] [stdout]     |
[INFO] [stdout] 123 |     fn as_fail(&self) -> Option<&Fail> {
[INFO] [stdout]     |                                  ^^^^ help: use `dyn`: `dyn Fail`
[INFO] [stdout]     |
[INFO] [stdout] note: the lint level is defined here
[INFO] [stdout]    --> src/lib.rs:6:9
[INFO] [stdout]     |
[INFO] [stdout] 6   | #![deny(warnings)]
[INFO] [stdout]     |         ^^^^^^^^
[INFO] [stdout]     = note: `#[deny(bare_trait_objects)]` implied by `#[deny(warnings)]`
[INFO] [stdout] 
[INFO] [stdout] 
[INFO] [stdout] error: trait objects without an explicit `dyn` are deprecated
[INFO] [stdout]    --> src/json.rs:165:34
[INFO] [stdout]     |
[INFO] [stdout] 165 |     fn as_fail(&self) -> Option<&Fail> {
[INFO] [stdout]     |                                  ^^^^ help: use `dyn`: `dyn Fail`
[INFO] [stdout] 
[INFO] [stdout] 
[INFO] [stdout] error: unnecessary parentheses around type
[INFO] [stdout]    --> src/path.rs:350:34
[INFO] [stdout]     |
[INFO] [stdout] 350 |     _marker: PhantomData<fn() -> (T)>,
[INFO] [stdout]     |                                  ^^^ help: remove these parentheses
[INFO] [stdout]     |
[INFO] [stdout] note: the lint level is defined here
[INFO] [stdout]    --> src/lib.rs:6:9
[INFO] [stdout]     |
[INFO] [stdout] 6   | #![deny(warnings)]
[INFO] [stdout]     |         ^^^^^^^^
[INFO] [stdout]     = note: `#[deny(unused_parens)]` implied by `#[deny(warnings)]`
[INFO] [stdout] 
[INFO] [stdout] 
[INFO] [stdout] error: trait objects without an explicit `dyn` are deprecated
[INFO] [stdout]    --> src/header.rs:123:34
[INFO] [stdout]     |
[INFO] [stdout] 123 |     fn as_fail(&self) -> Option<&Fail> {
[INFO] [stdout]     |                                  ^^^^ help: use `dyn`: `dyn Fail`
[INFO] [stdout]     |
[INFO] [stdout] note: the lint level is defined here
[INFO] [stdout]    --> src/lib.rs:6:9
[INFO] [stdout]     |
[INFO] [stdout] 6   | #![deny(warnings)]
[INFO] [stdout]     |         ^^^^^^^^
[INFO] [stdout]     = note: `#[deny(bare_trait_objects)]` implied by `#[deny(warnings)]`
[INFO] [stdout] 
[INFO] [stdout] 
[INFO] [stdout] error: trait objects without an explicit `dyn` are deprecated
[INFO] [stdout]    --> src/json.rs:165:34
[INFO] [stdout]     |
[INFO] [stdout] 165 |     fn as_fail(&self) -> Option<&Fail> {
[INFO] [stdout]     |                                  ^^^^ help: use `dyn`: `dyn Fail`
[INFO] [stdout] 
[INFO] [stdout] 
[INFO] [stdout] error: unnecessary parentheses around type
[INFO] [stdout]    --> src/path.rs:350:34
[INFO] [stdout]     |
[INFO] [stdout] 350 |     _marker: PhantomData<fn() -> (T)>,
[INFO] [stdout]     |                                  ^^^ help: remove these parentheses
[INFO] [stdout]     |
[INFO] [stdout] note: the lint level is defined here
[INFO] [stdout]    --> src/lib.rs:6:9
[INFO] [stdout]     |
[INFO] [stdout] 6   | #![deny(warnings)]
[INFO] [stdout]     |         ^^^^^^^^
[INFO] [stdout]     = note: `#[deny(unused_parens)]` implied by `#[deny(warnings)]`
[INFO] [stdout] 
[INFO] [stdout] 
[INFO] [stdout] error[E0277]: `E` doesn't implement `std::fmt::Debug`
[INFO] [stdout]    --> src/header.rs:106:17
[INFO] [stdout]     |
[INFO] [stdout] 106 | #[derive(Debug, Fail)]
[INFO] [stdout]     |                 ^^^^ `E` cannot be formatted using `{:?}` because it doesn't implement `std::fmt::Debug`
[INFO] [stdout]     | 
[INFO] [stdout]    ::: /opt/rustwide/cargo-home/registry/src/github.com-1ecc6299db9ec823/failure-0.1.8/src/lib.rs:108:27
[INFO] [stdout]     |
[INFO] [stdout] 108 | pub trait Fail: Display + Debug + Send + Sync + 'static {
[INFO] [stdout]     |                           ----- required by this bound in `failure::Fail`
[INFO] [stdout]     |
[INFO] [stdout]     = help: the trait `std::fmt::Debug` is not implemented for `E`
[INFO] [stdout]     = note: required because of the requirements on the impl of `std::fmt::Debug` for `header::HeaderError<E>`
[INFO] [stdout]     = note: this error originates in a derive macro (in Nightly builds, run with -Z macro-backtrace for more info)
[INFO] [stdout] help: consider restricting type parameter `E`
[INFO] [stdout]     |
[INFO] [stdout] 107 | pub enum HeaderError<E: std::fmt::Debug> {
[INFO] [stdout]     |                       ^^^^^^^^^^^^^^^^^
[INFO] [stdout] 
[INFO] [stdout] 
[INFO] [stdout] error[E0277]: `E` cannot be shared between threads safely
[INFO] [stdout]    --> src/header.rs:106:17
[INFO] [stdout]     |
[INFO] [stdout] 106 | #[derive(Debug, Fail)]
[INFO] [stdout]     |                 ^^^^ `E` cannot be shared between threads safely
[INFO] [stdout]     | 
[INFO] [stdout]    ::: /opt/rustwide/cargo-home/registry/src/github.com-1ecc6299db9ec823/failure-0.1.8/src/lib.rs:108:42
[INFO] [stdout]     |
[INFO] [stdout] 108 | pub trait Fail: Display + Debug + Send + Sync + 'static {
[INFO] [stdout]     |                                          ---- required by this bound in `failure::Fail`
[INFO] [stdout]     |
[INFO] [stdout]     = help: within `header::HeaderError<E>`, the trait `std::marker::Sync` is not implemented for `E`
[INFO] [stdout]     = note: required because it appears within the type `header::HeaderError<E>`
[INFO] [stdout]     = note: this error originates in a derive macro (in Nightly builds, run with -Z macro-backtrace for more info)
[INFO] [stdout] help: consider restricting type parameter `E`
[INFO] [stdout]     |
[INFO] [stdout] 107 | pub enum HeaderError<E: std::marker::Sync> {
[INFO] [stdout]     |                       ^^^^^^^^^^^^^^^^^^^
[INFO] [stdout] 
[INFO] [stdout] 
[INFO] [stdout] error[E0277]: `E` cannot be sent between threads safely
[INFO] [stdout]    --> src/header.rs:106:17
[INFO] [stdout]     |
[INFO] [stdout] 106 | #[derive(Debug, Fail)]
[INFO] [stdout]     |                 ^^^^ `E` cannot be sent between threads safely
[INFO] [stdout]     | 
[INFO] [stdout]    ::: /opt/rustwide/cargo-home/registry/src/github.com-1ecc6299db9ec823/failure-0.1.8/src/lib.rs:108:35
[INFO] [stdout]     |
[INFO] [stdout] 108 | pub trait Fail: Display + Debug + Send + Sync + 'static {
[INFO] [stdout]     |                                   ---- required by this bound in `failure::Fail`
[INFO] [stdout]     |
[INFO] [stdout]     = help: within `header::HeaderError<E>`, the trait `std::marker::Send` is not implemented for `E`
[INFO] [stdout]     = note: required because it appears within the type `header::HeaderError<E>`
[INFO] [stdout]     = note: this error originates in a derive macro (in Nightly builds, run with -Z macro-backtrace for more info)
[INFO] [stdout] help: consider restricting type parameter `E`
[INFO] [stdout]     |
[INFO] [stdout] 107 | pub enum HeaderError<E: std::marker::Send> {
[INFO] [stdout]     |                       ^^^^^^^^^^^^^^^^^^^
[INFO] [stdout] 
[INFO] [stdout] 
[INFO] [stdout] error[E0277]: `E` doesn't implement `std::fmt::Debug`
[INFO] [stdout]    --> src/path.rs:271:17
[INFO] [stdout]     |
[INFO] [stdout] 271 | #[derive(Debug, Fail)]
[INFO] [stdout]     |                 ^^^^ `E` cannot be formatted using `{:?}` because it doesn't implement `std::fmt::Debug`
[INFO] [stdout]     | 
[INFO] [stdout]    ::: /opt/rustwide/cargo-home/registry/src/github.com-1ecc6299db9ec823/failure-0.1.8/src/lib.rs:108:27
[INFO] [stdout]     |
[INFO] [stdout] 108 | pub trait Fail: Display + Debug + Send + Sync + 'static {
[INFO] [stdout]     |                           ----- required by this bound in `failure::Fail`
[INFO] [stdout]     |
[INFO] [stdout]     = help: the trait `std::fmt::Debug` is not implemented for `E`
[INFO] [stdout]     = note: required because of the requirements on the impl of `std::fmt::Debug` for `path::FromSegmentError<E>`
[INFO] [stdout]     = note: this error originates in a derive macro (in Nightly builds, run with -Z macro-backtrace for more info)
[INFO] [stdout] help: consider restricting type parameter `E`
[INFO] [stdout]     |
[INFO] [stdout] 272 | pub enum FromSegmentError<E: std::fmt::Debug> {
[INFO] [stdout]     |                            ^^^^^^^^^^^^^^^^^
[INFO] [stdout] 
[INFO] [stdout] 
[INFO] [stdout] error[E0277]: `E` cannot be shared between threads safely
[INFO] [stdout]    --> src/path.rs:271:17
[INFO] [stdout]     |
[INFO] [stdout] 271 | #[derive(Debug, Fail)]
[INFO] [stdout]     |                 ^^^^ `E` cannot be shared between threads safely
[INFO] [stdout]     | 
[INFO] [stdout]    ::: /opt/rustwide/cargo-home/registry/src/github.com-1ecc6299db9ec823/failure-0.1.8/src/lib.rs:108:42
[INFO] [stdout]     |
[INFO] [stdout] 108 | pub trait Fail: Display + Debug + Send + Sync + 'static {
[INFO] [stdout]     |                                          ---- required by this bound in `failure::Fail`
[INFO] [stdout]     |
[INFO] [stdout]     = help: within `path::FromSegmentError<E>`, the trait `std::marker::Sync` is not implemented for `E`
[INFO] [stdout]     = note: required because it appears within the type `path::FromSegmentError<E>`
[INFO] [stdout]     = note: this error originates in a derive macro (in Nightly builds, run with -Z macro-backtrace for more info)
[INFO] [stdout] help: consider restricting type parameter `E`
[INFO] [stdout]     |
[INFO] [stdout] 272 | pub enum FromSegmentError<E: std::marker::Sync> {
[INFO] [stdout]     |                            ^^^^^^^^^^^^^^^^^^^
[INFO] [stdout] 
[INFO] [stdout] 
[INFO] [stdout] error[E0277]: `E` cannot be sent between threads safely
[INFO] [stdout]    --> src/path.rs:271:17
[INFO] [stdout]     |
[INFO] [stdout] 271 | #[derive(Debug, Fail)]
[INFO] [stdout]     |                 ^^^^ `E` cannot be sent between threads safely
[INFO] [stdout]     | 
[INFO] [stdout]    ::: /opt/rustwide/cargo-home/registry/src/github.com-1ecc6299db9ec823/failure-0.1.8/src/lib.rs:108:35
[INFO] [stdout]     |
[INFO] [stdout] 108 | pub trait Fail: Display + Debug + Send + Sync + 'static {
[INFO] [stdout]     |                                   ---- required by this bound in `failure::Fail`
[INFO] [stdout]     |
[INFO] [stdout]     = help: within `path::FromSegmentError<E>`, the trait `std::marker::Send` is not implemented for `E`
[INFO] [stdout]     = note: required because it appears within the type `path::FromSegmentError<E>`
[INFO] [stdout]     = note: this error originates in a derive macro (in Nightly builds, run with -Z macro-backtrace for more info)
[INFO] [stdout] help: consider restricting type parameter `E`
[INFO] [stdout]     |
[INFO] [stdout] 272 | pub enum FromSegmentError<E: std::marker::Send> {
[INFO] [stdout]     |                            ^^^^^^^^^^^^^^^^^^^
[INFO] [stdout] 
[INFO] [stdout] 
[INFO] [stdout] error[E0277]: `E` doesn't implement `std::fmt::Debug`
[INFO] [stdout]    --> src/query.rs:146:17
[INFO] [stdout]     |
[INFO] [stdout] 146 | #[derive(Debug, Fail)]
[INFO] [stdout]     |                 ^^^^ `E` cannot be formatted using `{:?}` because it doesn't implement `std::fmt::Debug`
[INFO] [stdout]     | 
[INFO] [stdout]    ::: /opt/rustwide/cargo-home/registry/src/github.com-1ecc6299db9ec823/failure-0.1.8/src/lib.rs:108:27
[INFO] [stdout]     |
[INFO] [stdout] 108 | pub trait Fail: Display + Debug + Send + Sync + 'static {
[INFO] [stdout]     |                           ----- required by this bound in `failure::Fail`
[INFO] [stdout]     |
[INFO] [stdout]     = help: the trait `std::fmt::Debug` is not implemented for `E`
[INFO] [stdout]     = note: required because of the requirements on the impl of `std::fmt::Debug` for `query::QueryError<E>`
[INFO] [stdout]     = note: this error originates in a derive macro (in Nightly builds, run with -Z macro-backtrace for more info)
[INFO] [stdout] help: consider restricting type parameter `E`
[INFO] [stdout]     |
[INFO] [stdout] 147 | pub enum QueryError<E: std::fmt::Debug> {
[INFO] [stdout]     |                      ^^^^^^^^^^^^^^^^^
[INFO] [stdout] 
[INFO] [stdout] 
[INFO] [stdout] error[E0277]: `E` doesn't implement `std::fmt::Debug`
[INFO] [stdout]    --> src/header.rs:106:17
[INFO] [stdout]     |
[INFO] [stdout] 106 | #[derive(Debug, Fail)]
[INFO] [stdout]     |                 ^^^^ `E` cannot be formatted using `{:?}` because it doesn't implement `std::fmt::Debug`
[INFO] [stdout]     | 
[INFO] [stdout]    ::: /opt/rustwide/cargo-home/registry/src/github.com-1ecc6299db9ec823/failure-0.1.8/src/lib.rs:108:27
[INFO] [stdout]     |
[INFO] [stdout] 108 | pub trait Fail: Display + Debug + Send + Sync + 'static {
[INFO] [stdout]     |                           ----- required by this bound in `failure::Fail`
[INFO] [stdout]     |
[INFO] [stdout]     = help: the trait `std::fmt::Debug` is not implemented for `E`
[INFO] [stdout]     = note: required because of the requirements on the impl of `std::fmt::Debug` for `header::HeaderError<E>`
[INFO] [stdout]     = note: this error originates in a derive macro (in Nightly builds, run with -Z macro-backtrace for more info)
[INFO] [stdout] help: consider restricting type parameter `E`
[INFO] [stdout]     |
[INFO] [stdout] 107 | pub enum HeaderError<E: std::fmt::Debug> {
[INFO] [stdout]     |                       ^^^^^^^^^^^^^^^^^
[INFO] [stdout] 
[INFO] [stdout] 
[INFO] [stdout] error[E0277]: `E` cannot be shared between threads safely
[INFO] [stdout]    --> src/header.rs:106:17
[INFO] [stdout]     |
[INFO] [stdout] 106 | #[derive(Debug, Fail)]
[INFO] [stdout]     |                 ^^^^ `E` cannot be shared between threads safely
[INFO] [stdout]     | 
[INFO] [stdout]    ::: /opt/rustwide/cargo-home/registry/src/github.com-1ecc6299db9ec823/failure-0.1.8/src/lib.rs:108:42
[INFO] [stdout]     |
[INFO] [stdout] 108 | pub trait Fail: Display + Debug + Send + Sync + 'static {
[INFO] [stdout]     |                                          ---- required by this bound in `failure::Fail`
[INFO] [stdout]     |
[INFO] [stdout]     = help: within `header::HeaderError<E>`, the trait `std::marker::Sync` is not implemented for `E`
[INFO] [stdout]     = note: required because it appears within the type `header::HeaderError<E>`
[INFO] [stdout]     = note: this error originates in a derive macro (in Nightly builds, run with -Z macro-backtrace for more info)
[INFO] [stdout] help: consider restricting type parameter `E`
[INFO] [stdout]     |
[INFO] [stdout] 107 | pub enum HeaderError<E: std::marker::Sync> {
[INFO] [stdout]     |                       ^^^^^^^^^^^^^^^^^^^
[INFO] [stdout] 
[INFO] [stdout] 
[INFO] [stdout] error[E0277]: `E` cannot be shared between threads safely
[INFO] [stdout]    --> src/query.rs:146:17
[INFO] [stdout]     |
[INFO] [stdout] 146 | #[derive(Debug, Fail)]
[INFO] [stdout]     |                 ^^^^ `E` cannot be shared between threads safely
[INFO] [stdout]     | 
[INFO] [stdout]    ::: /opt/rustwide/cargo-home/registry/src/github.com-1ecc6299db9ec823/failure-0.1.8/src/lib.rs:108:42
[INFO] [stdout]     |
[INFO] [stdout] 108 | pub trait Fail: Display + Debug + Send + Sync + 'static {
[INFO] [stdout]     |                                          ---- required by this bound in `failure::Fail`
[INFO] [stdout]     |
[INFO] [stdout]     = help: within `query::QueryError<E>`, the trait `std::marker::Sync` is not implemented for `E`
[INFO] [stdout]     = note: required because it appears within the type `query::QueryError<E>`
[INFO] [stdout]     = note: this error originates in a derive macro (in Nightly builds, run with -Z macro-backtrace for more info)
[INFO] [stdout] help: consider restricting type parameter `E`
[INFO] [stdout]     |
[INFO] [stdout] 147 | pub enum QueryError<E: std::marker::Sync> {
[INFO] [stdout]     |                      ^^^^^^^^^^^^^^^^^^^
[INFO] [stdout] 
[INFO] [stdout] 
[INFO] [stdout] error[E0277]: `E` cannot be sent between threads safely
[INFO] [stdout]    --> src/query.rs:146:17
[INFO] [stdout]     |
[INFO] [stdout] 146 | #[derive(Debug, Fail)]
[INFO] [stdout]     |                 ^^^^ `E` cannot be sent between threads safely
[INFO] [stdout]     | 
[INFO] [stdout]    ::: /opt/rustwide/cargo-home/registry/src/github.com-1ecc6299db9ec823/failure-0.1.8/src/lib.rs:108:35
[INFO] [stdout]     |
[INFO] [stdout] 108 | pub trait Fail: Display + Debug + Send + Sync + 'static {
[INFO] [stdout]     |                                   ---- required by this bound in `failure::Fail`
[INFO] [stdout]     |
[INFO] [stdout]     = help: within `query::QueryError<E>`, the trait `std::marker::Send` is not implemented for `E`
[INFO] [stdout]     = note: required because it appears within the type `query::QueryError<E>`
[INFO] [stdout]     = note: this error originates in a derive macro (in Nightly builds, run with -Z macro-backtrace for more info)
[INFO] [stdout] help: consider restricting type parameter `E`
[INFO] [stdout]     |
[INFO] [stdout] 147 | pub enum QueryError<E: std::marker::Send> {
[INFO] [stdout]     |                      ^^^^^^^^^^^^^^^^^^^
[INFO] [stdout] 
[INFO] [stdout] 
[INFO] [stdout] error[E0277]: `E` cannot be sent between threads safely
[INFO] [stdout]    --> src/header.rs:106:17
[INFO] [stdout]     |
[INFO] [stdout] 106 | #[derive(Debug, Fail)]
[INFO] [stdout]     |                 ^^^^ `E` cannot be sent between threads safely
[INFO] [stdout]     | 
[INFO] [stdout]    ::: /opt/rustwide/cargo-home/registry/src/github.com-1ecc6299db9ec823/failure-0.1.8/src/lib.rs:108:35
[INFO] [stdout]     |
[INFO] [stdout] 108 | pub trait Fail: Display + Debug + Send + Sync + 'static {
[INFO] [stdout]     |                                   ---- required by this bound in `failure::Fail`
[INFO] [stdout]     |
[INFO] [stdout]     = help: within `header::HeaderError<E>`, the trait `std::marker::Send` is not implemented for `E`
[INFO] [stdout]     = note: required because it appears within the type `header::HeaderError<E>`
[INFO] [stdout]     = note: this error originates in a derive macro (in Nightly builds, run with -Z macro-backtrace for more info)
[INFO] [stdout] help: consider restricting type parameter `E`
[INFO] [stdout]     |
[INFO] [stdout] 107 | pub enum HeaderError<E: std::marker::Send> {
[INFO] [stdout]     |                       ^^^^^^^^^^^^^^^^^^^
[INFO] [stdout] 
[INFO] [stdout] 
[INFO] [stdout] error: aborting due to 12 previous errors
[INFO] [stdout] 
[INFO] [stdout] 
[INFO] [stderr] error: could not compile `finchers-http`.
[INFO] [stdout] For more information about this error, try `rustc --explain E0277`.
[INFO] [stdout] 
[INFO] [stderr] 
[INFO] [stderr] To learn more, run the command again with --verbose.
[INFO] [stderr] warning: build failed, waiting for other jobs to finish...
[INFO] [stdout] error[E0277]: `E` doesn't implement `std::fmt::Debug`
[INFO] [stdout]    --> src/path.rs:271:17
[INFO] [stdout]     |
[INFO] [stdout] 271 | #[derive(Debug, Fail)]
[INFO] [stdout]     |                 ^^^^ `E` cannot be formatted using `{:?}` because it doesn't implement `std::fmt::Debug`
[INFO] [stdout]     | 
[INFO] [stdout]    ::: /opt/rustwide/cargo-home/registry/src/github.com-1ecc6299db9ec823/failure-0.1.8/src/lib.rs:108:27
[INFO] [stdout]     |
[INFO] [stdout] 108 | pub trait Fail: Display + Debug + Send + Sync + 'static {
[INFO] [stdout]     |                           ----- required by this bound in `failure::Fail`
[INFO] [stdout]     |
[INFO] [stdout]     = help: the trait `std::fmt::Debug` is not implemented for `E`
[INFO] [stdout]     = note: required because of the requirements on the impl of `std::fmt::Debug` for `path::FromSegmentError<E>`
[INFO] [stdout]     = note: this error originates in a derive macro (in Nightly builds, run with -Z macro-backtrace for more info)
[INFO] [stdout] help: consider restricting type parameter `E`
[INFO] [stdout]     |
[INFO] [stdout] 272 | pub enum FromSegmentError<E: std::fmt::Debug> {
[INFO] [stdout]     |                            ^^^^^^^^^^^^^^^^^
[INFO] [stdout] 
[INFO] [stdout] 
[INFO] [stdout] error[E0277]: `E` cannot be shared between threads safely
[INFO] [stdout]    --> src/path.rs:271:17
[INFO] [stdout]     |
[INFO] [stdout] 271 | #[derive(Debug, Fail)]
[INFO] [stdout]     |                 ^^^^ `E` cannot be shared between threads safely
[INFO] [stdout]     | 
[INFO] [stdout]    ::: /opt/rustwide/cargo-home/registry/src/github.com-1ecc6299db9ec823/failure-0.1.8/src/lib.rs:108:42
[INFO] [stdout]     |
[INFO] [stdout] 108 | pub trait Fail: Display + Debug + Send + Sync + 'static {
[INFO] [stdout]     |                                          ---- required by this bound in `failure::Fail`
[INFO] [stdout]     |
[INFO] [stdout]     = help: within `path::FromSegmentError<E>`, the trait `std::marker::Sync` is not implemented for `E`
[INFO] [stdout]     = note: required because it appears within the type `path::FromSegmentError<E>`
[INFO] [stdout]     = note: this error originates in a derive macro (in Nightly builds, run with -Z macro-backtrace for more info)
[INFO] [stdout] help: consider restricting type parameter `E`
[INFO] [stdout]     |
[INFO] [stdout] 272 | pub enum FromSegmentError<E: std::marker::Sync> {
[INFO] [stdout]     |                            ^^^^^^^^^^^^^^^^^^^
[INFO] [stdout] 
[INFO] [stdout] 
[INFO] [stdout] error[E0277]: `E` cannot be sent between threads safely
[INFO] [stdout]    --> src/path.rs:271:17
[INFO] [stdout]     |
[INFO] [stdout] 271 | #[derive(Debug, Fail)]
[INFO] [stdout]     |                 ^^^^ `E` cannot be sent between threads safely
[INFO] [stdout]     | 
[INFO] [stdout]    ::: /opt/rustwide/cargo-home/registry/src/github.com-1ecc6299db9ec823/failure-0.1.8/src/lib.rs:108:35
[INFO] [stdout]     |
[INFO] [stdout] 108 | pub trait Fail: Display + Debug + Send + Sync + 'static {
[INFO] [stdout]     |                                   ---- required by this bound in `failure::Fail`
[INFO] [stdout]     |
[INFO] [stdout]     = help: within `path::FromSegmentError<E>`, the trait `std::marker::Send` is not implemented for `E`
[INFO] [stdout]     = note: required because it appears within the type `path::FromSegmentError<E>`
[INFO] [stdout]     = note: this error originates in a derive macro (in Nightly builds, run with -Z macro-backtrace for more info)
[INFO] [stdout] help: consider restricting type parameter `E`
[INFO] [stdout]     |
[INFO] [stdout] 272 | pub enum FromSegmentError<E: std::marker::Send> {
[INFO] [stdout]     |                            ^^^^^^^^^^^^^^^^^^^
[INFO] [stdout] 
[INFO] [stdout] 
[INFO] [stdout] error[E0277]: `E` doesn't implement `std::fmt::Debug`
[INFO] [stdout]    --> src/query.rs:146:17
[INFO] [stdout]     |
[INFO] [stdout] 146 | #[derive(Debug, Fail)]
[INFO] [stdout]     |                 ^^^^ `E` cannot be formatted using `{:?}` because it doesn't implement `std::fmt::Debug`
[INFO] [stdout]     | 
[INFO] [stdout]    ::: /opt/rustwide/cargo-home/registry/src/github.com-1ecc6299db9ec823/failure-0.1.8/src/lib.rs:108:27
[INFO] [stdout]     |
[INFO] [stdout] 108 | pub trait Fail: Display + Debug + Send + Sync + 'static {
[INFO] [stdout]     |                           ----- required by this bound in `failure::Fail`
[INFO] [stdout]     |
[INFO] [stdout]     = help: the trait `std::fmt::Debug` is not implemented for `E`
[INFO] [stdout]     = note: required because of the requirements on the impl of `std::fmt::Debug` for `query::QueryError<E>`
[INFO] [stdout]     = note: this error originates in a derive macro (in Nightly builds, run with -Z macro-backtrace for more info)
[INFO] [stdout] help: consider restricting type parameter `E`
[INFO] [stdout]     |
[INFO] [stdout] 147 | pub enum QueryError<E: std::fmt::Debug> {
[INFO] [stdout]     |                      ^^^^^^^^^^^^^^^^^
[INFO] [stdout] 
[INFO] [stdout] 
[INFO] [stdout] error[E0277]: `E` cannot be shared between threads safely
[INFO] [stdout]    --> src/query.rs:146:17
[INFO] [stdout]     |
[INFO] [stdout] 146 | #[derive(Debug, Fail)]
[INFO] [stdout]     |                 ^^^^ `E` cannot be shared between threads safely
[INFO] [stdout]     | 
[INFO] [stdout]    ::: /opt/rustwide/cargo-home/registry/src/github.com-1ecc6299db9ec823/failure-0.1.8/src/lib.rs:108:42
[INFO] [stdout]     |
[INFO] [stdout] 108 | pub trait Fail: Display + Debug + Send + Sync + 'static {
[INFO] [stdout]     |                                          ---- required by this bound in `failure::Fail`
[INFO] [stdout]     |
[INFO] [stdout]     = help: within `query::QueryError<E>`, the trait `std::marker::Sync` is not implemented for `E`
[INFO] [stdout]     = note: required because it appears within the type `query::QueryError<E>`
[INFO] [stdout]     = note: this error originates in a derive macro (in Nightly builds, run with -Z macro-backtrace for more info)
[INFO] [stdout] help: consider restricting type parameter `E`
[INFO] [stdout]     |
[INFO] [stdout] 147 | pub enum QueryError<E: std::marker::Sync> {
[INFO] [stdout]     |                      ^^^^^^^^^^^^^^^^^^^
[INFO] [stdout] 
[INFO] [stdout] 
[INFO] [stdout] error[E0277]: `E` cannot be sent between threads safely
[INFO] [stdout]    --> src/query.rs:146:17
[INFO] [stdout]     |
[INFO] [stdout] 146 | #[derive(Debug, Fail)]
[INFO] [stdout]     |                 ^^^^ `E` cannot be sent between threads safely
[INFO] [stdout]     | 
[INFO] [stdout]    ::: /opt/rustwide/cargo-home/registry/src/github.com-1ecc6299db9ec823/failure-0.1.8/src/lib.rs:108:35
[INFO] [stdout]     |
[INFO] [stdout] 108 | pub trait Fail: Display + Debug + Send + Sync + 'static {
[INFO] [stdout]     |                                   ---- required by this bound in `failure::Fail`
[INFO] [stdout]     |
[INFO] [stdout]     = help: within `query::QueryError<E>`, the trait `std::marker::Send` is not implemented for `E`
[INFO] [stdout]     = note: required because it appears within the type `query::QueryError<E>`
[INFO] [stdout]     = note: this error originates in a derive macro (in Nightly builds, run with -Z macro-backtrace for more info)
[INFO] [stdout] help: consider restricting type parameter `E`
[INFO] [stdout]     |
[INFO] [stdout] 147 | pub enum QueryError<E: std::marker::Send> {
[INFO] [stdout]     |                      ^^^^^^^^^^^^^^^^^^^
[INFO] [stdout] 
[INFO] [stdout] 
[INFO] [stdout] error: aborting due to 12 previous errors
[INFO] [stdout] 
[INFO] [stdout] 
[INFO] [stdout] For more information about this error, try `rustc --explain E0277`.
[INFO] [stdout] 
[INFO] [stderr] error: build failed
[INFO] running `Command { std: "docker" "inspect" "03b852ff67400166b72606fef4590a0f99220c7c38b9a37000f4c6d6ebf52285", kill_on_drop: false }`
[INFO] running `Command { std: "docker" "rm" "-f" "03b852ff67400166b72606fef4590a0f99220c7c38b9a37000f4c6d6ebf52285", kill_on_drop: false }`
[INFO] [stdout] 03b852ff67400166b72606fef4590a0f99220c7c38b9a37000f4c6d6ebf52285
